 5 - 149. Calculate the highest common divisor of 9 and k.
9
Suppose 3*x = l - 34 + 103, 6 = 2*l. Suppose 0*h = 4*h + x. Let c be h/9*-21*(-1)/(-2). Calculate the highest common divisor of 28 and c.
7
Suppose -4*f + 18 = 2*o - f, 7 = -3*o + 4*f. Let u be (-4)/14 - (-660)/154. Let h be u*2 + 84/(-21). Calculate the greatest common factor of o and h.
1
Let h(m) = -185*m + 25. Let i be h(-6). Suppose -w = -5*l - 565, 2*w - 2*l = 3*l + i. Suppose 5*f - w = -f. What is the highest common divisor of 38 and f?
19
Let o = 9 + -5. Let l be 3*4 - (-4 - 0). Suppose -7*h + l*h - 36 = 0. Calculate the highest common divisor of h and o.
4
Let z(t) = -t**3 - 3*t - 2. Let y be z(-2). Suppose -11 = y*p + 1. Let a be (28/p)/((-5)/(10/4)). Calculate the greatest common factor of a and 70.
14
Let n be 16/6*(-18)/(-12) + 3 + 56. Calculate the highest common factor of 35 and n.
7
Let i(b) = 2*b**3 + 52*b**2 + 24*b - 632. Let o be i(-25). Suppose 7*f = 3*f - 2*z + 2664, 0 = 5*f - 4*z - 3330. Calculate the highest common factor of o and f.
18
Suppose 2*a = -4*a - 3588. Let k be 2/(-3) + a/(-6). Let t = k + -90. What is the greatest common factor of t and 81?
9
Suppose -5*j + 3*i + 9250 = 0, 4*j - 7400 = -170*i + 167*i. What is the greatest common divisor of j and 225?
25
Suppose 2 = 2*v, -2*v = 4*s - 3*s - 6. Let q(i) = i**2 + 4*i - 12. Let a be q(s). Suppose 0 = -3*g + 2*g + 5. What is the greatest common factor of a and g?
5
Let u(l) = -3*l**3 - 29*l**2 - 24*l - 151. Let w be u(-10). What is the highest common divisor of w and 756?
189
Suppose o + 0 = 5, 0 = -5*m - 3*o - 205. Let j = 18 + m. Let u be j*(0 - 5/10). Calculate the greatest common factor of u and 13.
13
Let w(l) = 5*l**2 + 48*l + 338. Let m be w(-20). What is the highest common factor of 52 and m?
26
Let k(c) = 3 + c + 1 + 8*c. Let g be k(3). Let j = 101340 - 101061. What is the highest common factor of j and g?
31
Let w be (-15 + 4)/((-4)/88). Let s = w + -165. What is the highest common factor of 11 and s?
11
Suppose -5*n + 11 = 3*k - 8, -n = -k + 1. Suppose -5*a + k*t + 953 = 5*t, 0 = -4*a - 5*t + 776. What is the greatest common divisor of 21 and a?
21
Let o(f) be the first derivative of 7*f**2 - 21*f - 1/3*f**3 + 14. Let u be o(9). What is the highest common factor of 8 and u?
8
Suppose 0 = -5*y - 36*w + 35*w + 477, -483 = -5*y - 4*w. What is the greatest common divisor of y and 1026?
19
Suppose 4*c + 92 = i, 5*i = 2*i - 2*c + 262. Calculate the highest common factor of i and 304.
8
Let i = -7040 + 7135. What is the greatest common factor of i and 5415?
95
Let x be 8/(-6)*(-11 - -5). Suppose -x*z = -4*z - 72. What is the highest common divisor of z and 27?
9
Let j(x) = -22*x - 109. Let m be j(-5). Let w be (255 + -5)/m - -5. Calculate the greatest common divisor of 10 and w.
5
Let w(a) = -a**3 + 14*a**2 - 2. Let r be 162/(-5) - (-27)/(-45). Let y = 39 + r. Let c be w(y). Calculate the greatest common factor of 26 and c.
26
Let o(n) = -914*n - 181. Let w be o(-3). Calculate the greatest common factor of 591 and w.
197
Let l = -3199 + 3285. What is the greatest common factor of l and 4042?
86
Let h be 14/(-21) + 16/6. Suppose 21*z = h*z + 2090. Suppose -50 - 38 = -4*s. Calculate the highest common divisor of z and s.
22
Let q = -2874 + 2876. Calculate the greatest common factor of 134 and q.
2
Let f = -243 + 343. Suppose -181 = 8*o + 491. Let c = o + 109. Calculate the greatest common divisor of f and c.
25
Let g be -112 + 139 - (-3)/6*-6. Suppose 3*n = n + 3*f + 213, n = -5*f + 113. What is the greatest common factor of n and g?
12
Suppose -7*h + 4868 - 1312 = 0. Suppose -386 = 3*s - 6*s + 2*p, -4*s + h = -4*p. What is the greatest common factor of s and 88?
44
Let b be 16563 + (-6 - 162/(-18)). What is the greatest common factor of 22 and b?
22
Let g = 218 - 74. Let h be 4/(-18) - (-11120)/g. Calculate the greatest common divisor of h and 7.
7
Let k(x) = -x**2 + 12*x - 15. Let h be k(7). Suppose -50 + h = -2*l + 2*m, -99 = -5*l - 3*m. What is the highest common factor of l and 288?
18
Let s be (-90)/1575 + (-5991)/(-105). What is the highest common factor of 3135 and s?
57
Suppose 2*c = -5*k + 49, c + k - 28 = -11. Let n(j) = -147*j**2 - 445*j. Let l be n(-3). What is the highest common divisor of l and c?
12
Let u(f) = 4*f**2 + f**2 - 110*f + 104*f. Let l be u(5). Suppose -l = -k + 4*z + 65, 0 = -4*k - z + 708. What is the greatest common factor of 16 and k?
16
Let y be ((0 - -75) + -3)*(-2)/(-4). Suppose 4*l + 4 = i + y, i + 5*l = -59. Let p = 50 + i. Calculate the greatest common factor of 15 and p.
3
Let d(x) = -x + 6. Let k be d(-5). Let z be (306/(-85))/((-12)/330). Calculate the greatest common factor of k and z.
11
Suppose -5*r = -4*r - 1. Let h be (66/55)/((-6)/(-220)). Suppose -10*z + h = -6*z. Calculate the highest common divisor of z and r.
1
Let i(m) = -67*m + 0 + 28*m + 6*m - 66. Let t be i(-12). What is the highest common divisor of t and 30?
30
Let q = 5493 - 5463. What is the greatest common divisor of q and 1695?
15
Suppose 5*w - 448 = z, 89 = -2*w + 4*z + 297. Suppose -52 = -5*j - 3*s, 0 = 4*j - s + 4*s - 44. What is the highest common factor of j and w?
8
Suppose -u - 4*u = -7*u + 48. What is the greatest common divisor of 4524 and u?
12
Suppose 0 = 3*c - 725 - 208. Let i = -301 + c. What is the highest common divisor of 110 and i?
10
Let a(b) = b**3 - 8*b**2 + 7*b - 2. Let i be a(8). Let k = 177 - 172. Suppose -k*g + 0*g + f = -29, g = -2*f + 8. What is the highest common factor of i and g?
6
Let b be (-27*((-9)/(-6))/(-1))/(14/196). Calculate the highest common factor of 63 and b.
63
Let u = 5989 + -5395. Calculate the highest common factor of 54 and u.
54
Let o = -189 + 215. Suppose m = 2*y + o, -8*m + 4*y + 142 = -3*m. What is the highest common factor of 285 and m?
15
Let y be 14/28 - (1540/8)/(-11). Let c be 4*(2 + (-21)/(-12)). Let u be (-24)/20*c/(-2). What is the highest common divisor of u and y?
9
Let w(q) = 4*q**2 - 10*q + 4. Let b be (-11)/(-33)*3*1. Let j be -3 + 1/b*10. Let r be w(j). Calculate the highest common divisor of 26 and r.
26
Let g = 20 - 62. Let j = g - -41. Let i(r) = -196*r**3 - r**2 - r. Let f be i(j). What is the highest common divisor of f and 49?
49
Suppose d = -0*d - m + 20, -m = 4*d - 89. Let i(x) = -x**3 + 22*x**2 + 24*x + 16. Let a be i(d). Calculate the greatest common factor of a and 117.
39
Suppose 94*h - 21 = 87*h. Let u be (-20)/(-6)*12/10. Let z be 31 - u - -1 - h. What is the greatest common factor of 5 and z?
5
Let t(f) = 5*f - 40. Let j be t(14). Let n = 3 + j. What is the highest common divisor of 3 and n?
3
Suppose 13*m + 36 + 3 = 0. Let u be (600/(-32))/(m/8). Suppose 2*d - u = -v, -5*v = -0*v - 5*d - 250. What is the highest common factor of v and 125?
25
Suppose -695 = -8*u + 1265. Calculate the greatest common divisor of 21 and u.
7
Let y(b) = -b**2 + 12*b - 22. Let j = -33 - -42. Let n be y(j). Suppose -n*z + 0*z - 4*u = -175, 0 = -5*u. Calculate the highest common divisor of 7 and z.
7
Suppose 4*i = -50*d + 48*d + 3970, -3*d - 4979 = -5*i. What is the greatest common divisor of i and 28?
14
Suppose 442*r = 459*r - 1699 + 16. What is the highest common divisor of r and 1296?
9
Let h be (-168 - 2)*2/(-4). Suppose 0*i + w - 29 = i, -3*i + 4*w - h = 0. Let f = 43 + i. What is the highest common factor of 18 and f?
6
Let a = 3923 - 3601. What is the highest common factor of a and 1242?
46
Let p = 29 - -58. Let o = -2169 - -2198. Calculate the highest common divisor of o and p.
29
Suppose -20*f + f = 22*f - 166 - 121. Let s = 59 - -4. What is the highest common factor of s and f?
7
Let x be 0*(-3)/9*3. Suppose -i + x = -4. Suppose 0 = -i*f + 3*f + 296. What is the highest common factor of 37 and f?
37
Let k be 1176/60*45/2. What is the highest common divisor of 45 and k?
9
Suppose b - 5*r + 1 = 0, 2*b + 5*r = 4*b - 8. What is the greatest common factor of b and 186?
3
Suppose -m + 3441 = p + 2*p, -3*p = -4*m - 3456. What is the highest common divisor of 28 and p?
28
Let t(p) = 56*p**2 - 55*p + 585. Let j be t(18). Calculate the highest common divisor of j and 219.
219
Suppose 3*l = -360*i + 364*i - 2121, 4*i - 5*l - 2127 = 0. Calculate the highest common divisor of i and 64.
16
Let p = -8959 + 10703. What is the greatest comm